{"id":22,"date":"2026-02-24T16:44:00","date_gmt":"2026-02-24T16:44:00","guid":{"rendered":"https:\/\/consultoriagas.space\/site\/sobre\/"},"modified":"2026-02-24T19:41:39","modified_gmt":"2026-02-24T19:41:39","slug":"sobre","status":"publish","type":"page","link":"https:\/\/consultoriagas.space\/site\/sobre\/","title":{"rendered":"Sobre"},"content":{"rendered":"\n<div class=\"wp-block-group alignfull is-style-ext-preset--group--natural-1--section has-background-background-color has-background has-global-padding is-layout-constrained wp-container-core-group-is-layout-843e5a6d wp-block-group-is-layout-constrained\" id=\"acerca-de\" style=\"margin-top:0;margin-bottom:0;padding-top:var(--wp--preset--spacing--70);padding-bottom:var(--wp--preset--spacing--70)\">\n<div class=\"wp-block-group alignwide is-vertical is-content-justification-center is-layout-flex wp-container-core-group-is-layout-c9ee0c5a wp-block-group-is-layout-flex\">\n<div class=\"wp-block-group has-global-padding is-layout-constrained wp-container-core-group-is-layout-2287c683 wp-block-group-is-layout-constrained\">\n<h2 class=\"wp-block-heading has-text-align-center\">Consultor\u00eda experta en instalaciones de  gas<\/h2>\n\n\n\n<p class=\"has-text-align-center\">Aqu\u00ed presentamos la misi\u00f3n y los valores de Gas Consultoria SAS, resaltando nuestro compromiso y enfoque estrat\u00e9gico que impulsan cada proyecto .<\/p>\n<\/div>\n<\/div>\n\n\n\n<figure class=\"wp-block-image is-style-ext-preset-image-natural-1-image-1--content-any is-style-ext-preset--image--natural-1--image-1--content-any extendify-image-import is-style-ext-preset--image--natural-1--image-1--content-any--2\"><img decoding=\"async\" src=\"https:\/\/images.unsplash.com\/photo-1542744173-8e7e53415bb0?ixid=M3w0MzUxNjF8MHwxfHNlYXJjaHw0fHxjb25zdWx0aW5nfGVufDB8fHx8MTc3MTgzNjYwM3ww&amp;ixlib=rb-4.1.0&amp;orientation=landscape?fit=crop&amp;crop=entropy%2Cfaces&amp;auto=format%2Ccompress&amp;w=1280\" alt=\"\" style=\"aspect-ratio:4\/3;object-fit:cover\"\/><\/figure>\n<\/div>\n","protected":false},"excerpt":{"rendered":"<p>Consultor\u00eda experta en instalaciones de gas Aqu\u00ed presentamos la misi\u00f3n y los valores de Gas Consultoria SAS, resaltando nuestro compromiso y enfoque estrat\u00e9gico que impulsan cada proyecto .<\/p>\n","protected":false},"author":1,"featured_media":0,"parent":0,"menu_order":0,"comment_status":"closed","ping_status":"closed","template":"page-with-title","meta":{"_monsterinsights_skip_tracking":false,"_monsterinsights_sitenote_active":false,"_monsterinsights_sitenote_note":"","_monsterinsights_sitenote_category":0,"footnotes":""},"class_list":["post-22","page","type-page","status-publish","hentry"],"aioseo_notices":[],"_links":{"self":[{"href":"https:\/\/consultoriagas.space\/site\/wp-json\/wp\/v2\/pages\/22","targetHints":{"allow":["GET"]}}],"collection":[{"href":"https:\/\/consultoriagas.space\/site\/wp-json\/wp\/v2\/pages"}],"about":[{"href":"https:\/\/consultoriagas.space\/site\/wp-json\/wp\/v2\/types\/page"}],"author":[{"embeddable":true,"href":"https:\/\/consultoriagas.space\/site\/wp-json\/wp\/v2\/users\/1"}],"replies":[{"embeddable":true,"href":"https:\/\/consultoriagas.space\/site\/wp-json\/wp\/v2\/comments?post=22"}],"version-history":[{"count":1,"href":"https:\/\/consultoriagas.space\/site\/wp-json\/wp\/v2\/pages\/22\/revisions"}],"predecessor-version":[{"id":77,"href":"https:\/\/consultoriagas.space\/site\/wp-json\/wp\/v2\/pages\/22\/revisions\/77"}],"wp:attachment":[{"href":"https:\/\/consultoriagas.space\/site\/wp-json\/wp\/v2\/media?parent=22"}],"curies":[{"name":"wp","href":"https:\/\/api.w.org\/{rel}","templated":true}]}}